{"id":96,"date":"2025-06-05T09:02:40","date_gmt":"2025-06-05T14:02:40","guid":{"rendered":"https:\/\/sitramipancash.com\/?page_id=96"},"modified":"2025-06-09T13:42:24","modified_gmt":"2025-06-09T18:42:24","slug":"convenios","status":"publish","type":"page","link":"https:\/\/sitramipancash.com\/index.php\/convenios\/","title":{"rendered":"Convenios"},"content":{"rendered":"\n<div class=\"wp-block-columns is-layout-flex wp-container-core-columns-is-layout-9d6595d7 wp-block-columns-is-layout-flex\">\n<div class=\"wp-block-column is-layout-flow wp-block-column-is-layout-flow\"><div class=\"wp-block-image is-style-default\">\n<figure class=\"aligncenter size-full is-resized\"><img loading=\"lazy\" decoding=\"async\" width=\"669\" height=\"628\" src=\"https:\/\/sitramipancash.com\/wp-content\/uploads\/2025\/06\/image-1.png\" alt=\"\" class=\"wp-image-169\" style=\"width:257px;height:auto\" srcset=\"https:\/\/sitramipancash.com\/wp-content\/uploads\/2025\/06\/image-1.png 669w, https:\/\/sitramipancash.com\/wp-content\/uploads\/2025\/06\/image-1-300x282.png 300w\" sizes=\"auto, (max-width: 669px) 100vw, 669px\" \/><\/figure>\n<\/div>\n\n\n<p class=\"has-text-align-center\" style=\"font-size:12px\"><strong>CASA ANDINA &amp; SITRAMIP ANCASH<\/strong><\/p>\n\n\n\n<p class=\"has-text-align-center\" style=\"padding-top:0;padding-bottom:0;font-size:9px\"> \ud83c\udf89 <strong>\u00a1Afiliados SITRAMIP \u00c1ncash!<\/strong><br>Disfruten <strong>hasta 32% de descuento<\/strong> en todos los hoteles <strong>Casa Andina<\/strong> del Per\u00fa.<br>\ud83d\udece\ufe0f Reserva en <a href=\"https:\/\/www.casa-andina.com\">www.casa-andina.com<\/a><br>\ud83d\udd11 Usa el c\u00f3digo: <strong>BENEFICIOSCORPO<\/strong><br>\u00a1Beneficio exclusivo para nuestros agremiados y familiares directos!<\/p>\n\n\n\n<p class=\"has-text-align-center\" style=\"padding-top:var(--wp--preset--spacing--20);padding-bottom:var(--wp--preset--spacing--20);font-size:9px\"><\/p>\n\n\n\n<p><\/p>\n\n\n<div class=\"wp-block-image\">\n<figure class=\"aligncenter size-full is-resized\"><img loading=\"lazy\" decoding=\"async\" width=\"642\" height=\"393\" src=\"https:\/\/sitramipancash.com\/wp-content\/uploads\/2025\/06\/WhatsApp-Image-2025-05-28-at-10.01.15-PM.jpeg\" alt=\"\" class=\"wp-image-180\" style=\"width:373px;height:auto\" srcset=\"https:\/\/sitramipancash.com\/wp-content\/uploads\/2025\/06\/WhatsApp-Image-2025-05-28-at-10.01.15-PM.jpeg 642w, https:\/\/sitramipancash.com\/wp-content\/uploads\/2025\/06\/WhatsApp-Image-2025-05-28-at-10.01.15-PM-300x184.jpeg 300w\" sizes=\"auto, (max-width: 642px) 100vw, 642px\" \/><figcaption class=\"wp-element-caption\"><strong>REN\u00daEVATE &amp; SITRAMIP ANCASH<\/strong><\/figcaption><\/figure>\n<\/div>\n\n\n<p class=\"has-text-align-center\" style=\"font-size:9px\">&nbsp;El centro de bienestar <strong>Ren\u00faevate<\/strong> otorga a los <strong>afiliados del SITRAMIP \u00c1ncash y sus familiares directos<\/strong> un <strong>25% de descuento<\/strong> en los siguientes servicios:                                 \ud83d\udc86 Masajes corporales y descontracturantes<br>\ud83d\udc86\u200d\u2640\ufe0f Limpieza facial<br>\ud83c\udf3f Cascarillas y otros tratamientos est\u00e9ticos. <strong>Este beneficio busca contribuir al bienestar f\u00edsico y emocional de nuestros agremiados, en un espacio profesional y especializado.<\/strong><\/p>\n\n\n<div class=\"wp-block-image\">\n<figure class=\"aligncenter size-full is-resized\"><img loading=\"lazy\" decoding=\"async\" width=\"367\" height=\"361\" src=\"https:\/\/sitramipancash.com\/wp-content\/uploads\/2025\/06\/image-2.png\" alt=\"\" class=\"wp-image-188\" style=\"width:215px;height:auto\" srcset=\"https:\/\/sitramipancash.com\/wp-content\/uploads\/2025\/06\/image-2.png 367w, https:\/\/sitramipancash.com\/wp-content\/uploads\/2025\/06\/image-2-300x295.png 300w\" sizes=\"auto, (max-width: 367px) 100vw, 367px\" \/><\/figure>\n<\/div>\n\n\n<p class=\"has-text-align-center\" style=\"font-size:12px\"><strong>&nbsp;&nbsp;RUSTICA &amp; SITRAMIP ANCASH<\/strong><\/p>\n\n\n\n<p style=\"font-size:9px\"><strong>R\u00fastica Huaraz<\/strong> otorga a los <strong>afiliados del SITRAMIP \u00c1ncash y sus familiares directos<\/strong> un <strong>25% de descuento<\/strong> en: \ud83c\udf7d\ufe0f Platos a la carta<br>\ud83c\udf79 Otros productos y servicios del local. Este beneficio exclusivo busca fomentar espacios de integraci\u00f3n y bienestar para nuestros agremiados y sus familias.<\/p>\n\n\n\n<p style=\"font-size:9px\"><\/p>\n\n\n\n<p style=\"font-size:9px\"><\/p>\n<\/div>\n\n\n\n<div class=\"wp-block-column is-vertically-aligned-top is-layout-flow wp-block-column-is-layout-flow\">\n<figure class=\"wp-block-video\"><video autoplay controls muted src=\"https:\/\/sitramipancash.com\/videos\/convenios.mp4\"><\/video><\/figure>\n\n\n\n<p class=\"has-text-align-center has-small-font-size\"><strong>UNASAM &amp; SITRAMIP ANCASH<\/strong><\/p>\n\n\n\n<p class=\"has-text-align-center\" style=\"font-size:9px\">El <strong>Centro de Idiomas de la Universidad Nacional Santiago Ant\u00fanez de Mayolo (UNASAM)<\/strong> otorga <strong>descuentos especiales<\/strong> en sus programas de ense\u00f1anza de idiomas a los <strong>afiliados del SITRAMIP \u00c1ncash y sus familiares directos<\/strong>.                                                                  \ud83d\udde3\ufe0f <strong>Idiomas disponibles:<\/strong> Ingl\u00e9s, Quechua, Portugu\u00e9s, Franc\u00e9s, Italiano, entre otros.<br>\ud83d\udccd Modalidades: <strong>Presencial y virtual<\/strong><br>\ud83d\udccc V\u00e1lido para uso acad\u00e9mico, profesional o <strong>concursos p\u00fablicos<\/strong>.                                                                                      <strong>Afiliado, no dejes de estudiar. Aprovecha este beneficio exclusivo del sindicato.<\/strong><\/p>\n\n\n\n<p style=\"font-size:9px\"><\/p>\n\n\n\n<div class=\"wp-block-group is-vertical is-content-justification-center is-layout-flex wp-container-core-group-is-layout-4b2eccd6 wp-block-group-is-layout-flex\"><div class=\"wp-block-image\">\n<figure class=\"aligncenter is-resized\"><img decoding=\"async\" src=\"https:\/\/lh7-rt.googleusercontent.com\/docsz\/AD_4nXcbJ6gT9DTl46TAW7j_zYihOocac4emuABZNpvZuiLWnmGYp7nDwmwMc5Wplq52dLWD6O6xVIgNYmSIwmEDobFXj7qGuTicfxWuWeSKxY0hwNsrFZwyYFYeWsE5HFPQ3HY3NVbE?key=ReN2dIu5SOIeAOxXMM2hXA\" alt=\"\" style=\"width:209px;height:auto\"\/><\/figure>\n<\/div><\/div>\n\n\n\n<p class=\"has-text-align-center\" style=\"font-size:12px\"><strong>SMART FIT &amp; SITRAMIP ANCASH <\/strong><\/p>\n\n\n\n<p style=\"font-size:9px\"><strong>Smart Fit<\/strong> ofrece a los <strong>afiliados del SITRAMIP \u00c1ncash y sus familiares directos<\/strong> el acceso al <strong>Plan Black<\/strong> por un <strong>pago \u00fanico mensual de S\/. 99.00 soles<\/strong>, sin necesidad de afiliarse con tarjeta de cr\u00e9dito o d\u00e9bito. \ud83d\udcaa Acceso a todos los gimnasios Smart Fit del pa\u00eds<br>\ud83d\udfe1 Beneficio exclusivo sin compromisos adicionales<br>\ud83d\udc65 V\u00e1lido para agremiados y familiares. Este beneficio promueve la salud f\u00edsica y el bienestar integral de nuestros agremiados.<\/p>\n\n\n<div class=\"wp-block-image\">\n<figure class=\"aligncenter size-full is-resized\"><img loading=\"lazy\" decoding=\"async\" width=\"450\" height=\"650\" src=\"https:\/\/sitramipancash.com\/wp-content\/uploads\/2025\/06\/WhatsApp-Image-2025-06-09-at-1.35.29-PM.jpeg\" alt=\"\" class=\"wp-image-230\" style=\"width:266px;height:auto\" srcset=\"https:\/\/sitramipancash.com\/wp-content\/uploads\/2025\/06\/WhatsApp-Image-2025-06-09-at-1.35.29-PM.jpeg 450w, https:\/\/sitramipancash.com\/wp-content\/uploads\/2025\/06\/WhatsApp-Image-2025-06-09-at-1.35.29-PM-208x300.jpeg 208w\" sizes=\"auto, (max-width: 450px) 100vw, 450px\" \/><\/figure>\n<\/div>\n\n\n<p style=\"font-size:9px\"><\/p>\n<\/div>\n<\/div>\n\n\n\n<div class=\"wp-block-group\"><div class=\"wp-block-group__inner-container is-layout-constrained wp-block-group-is-layout-constrained\">\n<p class=\"has-text-align-left\" style=\"font-size:9px\">&nbsp;&nbsp;&nbsp;&nbsp;&nbsp;&nbsp;&nbsp;&nbsp;&nbsp;&nbsp;&nbsp;&nbsp;&nbsp;&nbsp;&nbsp;&nbsp;&nbsp;&nbsp;<\/p>\n<\/div><\/div>\n\n\n\n<p><\/p>\n","protected":false},"excerpt":{"rendered":"<p>CASA ANDINA &amp; SITRAMIP ANCASH \ud83c\udf89 \u00a1Afiliados SITRAMIP \u00c1ncash!Disfruten hasta 32% de descuento en todos los hoteles Casa Andina del Per\u00fa.\ud83d\udece\ufe0f Reserva en www.casa-andina.com\ud83d\udd11 Usa el c\u00f3digo: BENEFICIOSCORPO\u00a1Beneficio exclusivo para nuestros agremiados y familiares directos! &nbsp;El centro de bienestar Ren\u00faevate otorga a los afiliados del SITRAMIP \u00c1ncash y sus familiares directos un 25% de descuento&#8230;<\/p>\n<p class=\"more-link-wrap\"><a href=\"https:\/\/sitramipancash.com\/index.php\/convenios\/\" class=\"more-link\">Read More<span class=\"screen-reader-text\"> &ldquo;Convenios&rdquo;<\/span> &raquo;<\/a><\/p>\n","protected":false},"author":1,"featured_media":0,"parent":0,"menu_order":0,"comment_status":"closed","ping_status":"closed","template":"","meta":{"footnotes":""},"class_list":["post-96","page","type-page","status-publish","hentry"],"_links":{"self":[{"href":"https:\/\/sitramipancash.com\/index.php\/wp-json\/wp\/v2\/pages\/96","targetHints":{"allow":["GET"]}}],"collection":[{"href":"https:\/\/sitramipancash.com\/index.php\/wp-json\/wp\/v2\/pages"}],"about":[{"href":"https:\/\/sitramipancash.com\/index.php\/wp-json\/wp\/v2\/types\/page"}],"author":[{"embeddable":true,"href":"https:\/\/sitramipancash.com\/index.php\/wp-json\/wp\/v2\/users\/1"}],"replies":[{"embeddable":true,"href":"https:\/\/sitramipancash.com\/index.php\/wp-json\/wp\/v2\/comments?post=96"}],"version-history":[{"count":19,"href":"https:\/\/sitramipancash.com\/index.php\/wp-json\/wp\/v2\/pages\/96\/revisions"}],"predecessor-version":[{"id":231,"href":"https:\/\/sitramipancash.com\/index.php\/wp-json\/wp\/v2\/pages\/96\/revisions\/231"}],"wp:attachment":[{"href":"https:\/\/sitramipancash.com\/index.php\/wp-json\/wp\/v2\/media?parent=96"}],"curies":[{"name":"wp","href":"https:\/\/api.w.org\/{rel}","templated":true}]}}