{"id":49,"date":"2025-06-04T19:35:52","date_gmt":"2025-06-05T00:35:52","guid":{"rendered":"https:\/\/sitramipancash.com\/?page_id=49"},"modified":"2025-06-05T13:32:22","modified_gmt":"2025-06-05T18:32:22","slug":"contactenos","status":"publish","type":"page","link":"https:\/\/sitramipancash.com\/index.php\/contactenos\/","title":{"rendered":"Cont\u00e1ctenos"},"content":{"rendered":"<div class=\"wp-block-image\">\n<figure class=\"aligncenter size-full is-resized\"><img loading=\"lazy\" decoding=\"async\" width=\"561\" height=\"566\" src=\"https:\/\/sitramipancash.com\/wp-content\/uploads\/2025\/06\/logo-actualizado-1.jpg\" alt=\"\" class=\"wp-image-129\" style=\"width:210px;height:auto\" srcset=\"https:\/\/sitramipancash.com\/wp-content\/uploads\/2025\/06\/logo-actualizado-1.jpg 561w, https:\/\/sitramipancash.com\/wp-content\/uploads\/2025\/06\/logo-actualizado-1-297x300.jpg 297w, https:\/\/sitramipancash.com\/wp-content\/uploads\/2025\/06\/logo-actualizado-1-150x150.jpg 150w\" sizes=\"auto, (max-width: 561px) 100vw, 561px\" \/><\/figure>\n<\/div>\n\n\n<!DOCTYPE html>\n<html lang=\"es\">\n<head>\n    <meta charset=\"UTF-8\">\n    <meta name=\"viewport\" content=\"width=device-width, initial-scale=1.0\">\n    <title>Cont\u00e1ctenos &#8211; SITRAMIP \u00c1ncash<\/title>\n    <link href=\"https:\/\/cdnjs.cloudflare.com\/ajax\/libs\/font-awesome\/6.0.0-beta3\/css\/all.min.css\" rel=\"stylesheet\">\n    <style>\n        body {\n            font-family: Arial, sans-serif;\n            line-height: 1.6;\n            margin: 20px;\n            text-align: center;\n        }\n        .contenido {\n            margin-top: 30px;\n        }\n        .seccion {\n            margin: 20px 0;\n        }\n        .icono {\n            font-size: 2rem;\n            margin-right: 10px;\n        }\n        .contacto {\n            display: flex;\n            justify-content: center;\n            align-items: center;\n            margin-top: 20px;\n        }\n        .contacto div {\n            margin: 0 15px;\n            font-size: 1.2rem;\n        }\n    <\/style>\n<\/head>\n<body>\n\n    <div class=\"contenido\">\n        <p>Si tienes alguna consulta o necesitas m\u00e1s informaci\u00f3n, no dudes en contactarnos a trav\u00e9s de los siguientes medios:<\/p>\n    <\/div>\n\n    <div class=\"contacto\">\n        <div>\n            <i class=\"fas fa-envelope icono\"><\/i>\n            <p><strong>Correo:<\/strong> <a href=\"mailto:sitramipancash@gmail.com\">sitramipancash@gmail.com<\/a><\/p>\n        <\/div>\n        <div>\n            <i class=\"fas fa-phone-alt icono\"><\/i>\n            <p><strong>WhatsApp:<\/strong> 989 607 846<\/p>\n        <\/div>\n    <\/div>\n\n<\/body>\n<\/html>\n","protected":false},"excerpt":{"rendered":"<p>Cont\u00e1ctenos &#8211; SITRAMIP \u00c1ncash Si tienes alguna consulta o necesitas m\u00e1s informaci\u00f3n, no dudes en contactarnos a trav\u00e9s de los siguientes medios: Correo: sitramipancash@gmail.com WhatsApp: 989 607 846<\/p>\n","protected":false},"author":1,"featured_media":0,"parent":0,"menu_order":0,"comment_status":"closed","ping_status":"closed","template":"","meta":{"footnotes":""},"class_list":["post-49","page","type-page","status-publish","hentry"],"_links":{"self":[{"href":"https:\/\/sitramipancash.com\/index.php\/wp-json\/wp\/v2\/pages\/49","targetHints":{"allow":["GET"]}}],"collection":[{"href":"https:\/\/sitramipancash.com\/index.php\/wp-json\/wp\/v2\/pages"}],"about":[{"href":"https:\/\/sitramipancash.com\/index.php\/wp-json\/wp\/v2\/types\/page"}],"author":[{"embeddable":true,"href":"https:\/\/sitramipancash.com\/index.php\/wp-json\/wp\/v2\/users\/1"}],"replies":[{"embeddable":true,"href":"https:\/\/sitramipancash.com\/index.php\/wp-json\/wp\/v2\/comments?post=49"}],"version-history":[{"count":7,"href":"https:\/\/sitramipancash.com\/index.php\/wp-json\/wp\/v2\/pages\/49\/revisions"}],"predecessor-version":[{"id":185,"href":"https:\/\/sitramipancash.com\/index.php\/wp-json\/wp\/v2\/pages\/49\/revisions\/185"}],"wp:attachment":[{"href":"https:\/\/sitramipancash.com\/index.php\/wp-json\/wp\/v2\/media?parent=49"}],"curies":[{"name":"wp","href":"https:\/\/api.w.org\/{rel}","templated":true}]}}