{"id":47,"date":"2025-06-04T19:35:52","date_gmt":"2025-06-05T00:35:52","guid":{"rendered":"https:\/\/sitramipancash.com\/?page_id=47"},"modified":"2025-06-07T19:19:23","modified_gmt":"2025-06-08T00:19:23","slug":"nosotros","status":"publish","type":"page","link":"https:\/\/sitramipancash.com\/index.php\/nosotros\/","title":{"rendered":"Nosotros"},"content":{"rendered":"\n<div class=\"wp-block-columns is-layout-flex wp-container-core-columns-is-layout-9d6595d7 wp-block-columns-is-layout-flex\">\n<div class=\"wp-block-column is-layout-flow wp-block-column-is-layout-flow\" style=\"flex-basis:100%\">\n<p style=\"font-size:15px\"><strong>SITRAMIP Ancash<\/strong> es una organizaci\u00f3n sindical del Ministerio P\u00fablico, legalmente constituida desde el a\u00f1o 2006 (Exp. N.\u00b0 005-2006-ROSSP-RA-DRTYPE\/ZDTYPE-HZ). Representamos con firmeza a las y los trabajadores del Distrito Fiscal de Ancash, promoviendo sus derechos laborales, su bienestar integral y una gesti\u00f3n p\u00fablica \u00e9tica y transparente.\n\nContamos con una junta directiva comprometida, una base afiliada en crecimiento y una agenda orientada al fortalecimiento institucional, la capacitaci\u00f3n continua y la mejora de las condiciones laborales en el sector p\u00fablico.<\/p>\n<\/div>\n<\/div>\n\n\n<div class=\"wp-block-image\">\n<figure class=\"aligncenter size-large is-resized\"><img loading=\"lazy\" decoding=\"async\" width=\"960\" height=\"539\" src=\"https:\/\/sitramipancash.com\/wp-content\/uploads\/2025\/06\/foto-edited-1.jpg\" alt=\"\" class=\"wp-image-205\" style=\"width:424px;height:auto\" srcset=\"https:\/\/sitramipancash.com\/wp-content\/uploads\/2025\/06\/foto-edited-1.jpg 960w, https:\/\/sitramipancash.com\/wp-content\/uploads\/2025\/06\/foto-edited-1-300x168.jpg 300w, https:\/\/sitramipancash.com\/wp-content\/uploads\/2025\/06\/foto-edited-1-768x431.jpg 768w\" sizes=\"auto, (max-width: 960px) 100vw, 960px\" \/><\/figure>\n<\/div>\n\n\n<p><\/p>\n","protected":false},"excerpt":{"rendered":"<p>SITRAMIP Ancash es una organizaci\u00f3n sindical del Ministerio P\u00fablico, legalmente constituida desde el a\u00f1o 2006 (Exp. N.\u00b0 005-2006-ROSSP-RA-DRTYPE\/ZDTYPE-HZ). Representamos con firmeza a las y los trabajadores del Distrito Fiscal de Ancash, promoviendo sus derechos laborales, su bienestar integral y una gesti\u00f3n p\u00fablica \u00e9tica y transparente. Contamos con una junta directiva comprometida, una base afiliada en&#8230;<\/p>\n<p class=\"more-link-wrap\"><a href=\"https:\/\/sitramipancash.com\/index.php\/nosotros\/\" class=\"more-link\">Read More<span class=\"screen-reader-text\"> &ldquo;Nosotros&rdquo;<\/span> &raquo;<\/a><\/p>\n","protected":false},"author":1,"featured_media":0,"parent":0,"menu_order":0,"comment_status":"closed","ping_status":"closed","template":"","meta":{"footnotes":""},"class_list":["post-47","page","type-page","status-publish","hentry"],"_links":{"self":[{"href":"https:\/\/sitramipancash.com\/index.php\/wp-json\/wp\/v2\/pages\/47","targetHints":{"allow":["GET"]}}],"collection":[{"href":"https:\/\/sitramipancash.com\/index.php\/wp-json\/wp\/v2\/pages"}],"about":[{"href":"https:\/\/sitramipancash.com\/index.php\/wp-json\/wp\/v2\/types\/page"}],"author":[{"embeddable":true,"href":"https:\/\/sitramipancash.com\/index.php\/wp-json\/wp\/v2\/users\/1"}],"replies":[{"embeddable":true,"href":"https:\/\/sitramipancash.com\/index.php\/wp-json\/wp\/v2\/comments?post=47"}],"version-history":[{"count":12,"href":"https:\/\/sitramipancash.com\/index.php\/wp-json\/wp\/v2\/pages\/47\/revisions"}],"predecessor-version":[{"id":218,"href":"https:\/\/sitramipancash.com\/index.php\/wp-json\/wp\/v2\/pages\/47\/revisions\/218"}],"wp:attachment":[{"href":"https:\/\/sitramipancash.com\/index.php\/wp-json\/wp\/v2\/media?parent=47"}],"curies":[{"name":"wp","href":"https:\/\/api.w.org\/{rel}","templated":true}]}}